{"id":77,"date":"2021-10-09T19:51:15","date_gmt":"2021-10-09T17:51:15","guid":{"rendered":"http:\/\/xkbjrvk.cluster029.hosting.ovh.net\/?page_id=77"},"modified":"2021-11-14T18:05:17","modified_gmt":"2021-11-14T17:05:17","slug":"acupuncture","status":"publish","type":"page","link":"https:\/\/www.nelly-weill-sage-femme.fr\/index.php\/acupuncture\/","title":{"rendered":"Acupuncture"},"content":{"rendered":"\n<div class=\"wp-block-cover has-background-dim-30 has-black-background-color has-background-dim\"><img loading=\"lazy\" width=\"2000\" height=\"1125\" class=\"wp-block-cover__image-background wp-image-176\" alt=\"\" src=\"https:\/\/www.nelly-weill-sage-femme.fr\/wp-content\/uploads\/2021\/11\/2021_Acu_1.jpg\" data-object-fit=\"cover\" srcset=\"https:\/\/www.nelly-weill-sage-femme.fr\/wp-content\/uploads\/2021\/11\/2021_Acu_1.jpg 2000w, https:\/\/www.nelly-weill-sage-femme.fr\/wp-content\/uploads\/2021\/11\/2021_Acu_1-300x169.jpg 300w, https:\/\/www.nelly-weill-sage-femme.fr\/wp-content\/uploads\/2021\/11\/2021_Acu_1-1024x576.jpg 1024w, https:\/\/www.nelly-weill-sage-femme.fr\/wp-content\/uploads\/2021\/11\/2021_Acu_1-768x432.jpg 768w, https:\/\/www.nelly-weill-sage-femme.fr\/wp-content\/uploads\/2021\/11\/2021_Acu_1-1536x864.jpg 1536w\" sizes=\"(max-width: 2000px) 100vw, 2000px\" \/><div class=\"wp-block-cover__inner-container\">\n<p class=\"has-text-align-center has-large-font-size\">Acupuncture<\/p>\n<\/div><\/div>\n\n\n\n<p><\/p>\n\n\n\n<p>Titulaire d\u2019un Dipl\u00f4me Universitaire d\u2019acupuncture, je peux vous recevoir en consultation pendant votre grossesse et tout le long de votre vie g\u00e9nitale.<\/p>\n\n\n\n<p><strong>Qu\u2019est-ce que l\u2019acupuncture&nbsp;?<\/strong><\/p>\n\n\n\n<p>C\u2019est l\u2019une des 5 branches qui constitue la m\u00e9decine chinoise. Les quatre autres m\u00e9thodes pour pr\u00e9venir ou gu\u00e9rir les maladies sont la phytoth\u00e9rapie, les massages, la di\u00e9t\u00e9tique et les gymnastiques \u00e9nerg\u00e9tiques (Tai-chi, Qi gong\u2026).<\/p>\n\n\n\n<p>Elle vise \u00e0 \u00e9tablir ou conserver la circulation et le bon \u00e9quilibre de l\u2019Energie (appel\u00e9e Qi) \u00e0 travers le corps.<\/p>\n\n\n\n<p>Par son approche globale du patient, l\u2019acupuncture s\u2019int\u00e9resse aux diff\u00e9rents maux du corps ainsi qu\u2019aux \u00e9motions. Elle traite les sympt\u00f4mes mais aussi plus profond\u00e9ment la cause des d\u00e9r\u00e8glements.<\/p>\n\n\n\n<p>C\u2019est une m\u00e9decine tr\u00e8s ancienne qui privil\u00e9gie la pr\u00e9vention.<\/p>\n\n\n\n<p>Alors que pendant la grossesse et l\u2019allaitement, de nombreux m\u00e9dicaments sont contre- indiqu\u00e9s, elle est une m\u00e9decine pr\u00e9cieuse et efficace.<\/p>\n\n\n\n<p>Elle utilise des petites aiguilles tr\u00e8s fines (st\u00e9riles et \u00e0 usage unique) qui sont positionn\u00e9es sur des points pr\u00e9cis correspondant aux points d\u2019acupuncture situ\u00e9s sur des trajets privil\u00e9gi\u00e9s appel\u00e9s m\u00e9ridiens.<\/p>\n\n\n\n<p>On peut \u00e9galement utiliser la moxibustion gr\u00e2ce \u00e0 un b\u00e2ton d&rsquo;armoise chauff\u00e9 qu&rsquo;on approche des points d&rsquo;acupuncture choisis ou des techniques de stimulations manuelles par massage ou tapotement.<\/p>\n\n\n\n<p>Ces points sont choisis par l\u2019acupuncteur apr\u00e8s une consultation sp\u00e9cifique reposant sur un interrogatoire pr\u00e9cis et l\u2019observation de la langue et des pouls.<\/p>\n\n\n\n<p>Les aiguilles sont ensuite laiss\u00e9es en place environ 20 mn \u00e0 \u00bd heure.<\/p>\n\n\n\n<p><strong>Pendant la grossesse :<\/strong> l&rsquo;acupuncture est conseill\u00e9e \u00e0 titre pr\u00e9ventif pour \u00e9quilibrer la grossesse et harmoniser les \u00e9nergies.<\/p>\n\n\n\n<p>Elle permet de soulager les petits maux tels que :<\/p>\n\n\n\n<ul><li>Naus\u00e9es, vomissements, hyper salivation, constipation ou autres troubles de la sph\u00e8re digestive<\/li><\/ul>\n\n\n\n<ul><li>Douleurs ligamentaires, crampes, sciatique, lumbago, syndrome du canal carpien\u2026<\/li><\/ul>\n\n\n\n<ul><li>Troubles du sommeil, anxi\u00e9t\u00e9, troubles de l\u2019humeur, maux de t\u00eate\u2026<\/li><\/ul>\n\n\n\n<ul><li>\u0152d\u00e8mes, troubles circulatoires, an\u00e9mie\u2026<\/li><\/ul>\n\n\n\n<ul><li>Aide au sevrage tabagique<\/li><\/ul>\n\n\n\n<p>Des conseils di\u00e9t\u00e9tiques peuvent \u00eatre prodigu\u00e9s, selon les r\u00e8gles de la di\u00e9t\u00e9tique chinoise.<\/p>\n\n\n\n<p><strong>Avant l\u2019accouchement <\/strong>:  l&rsquo;acupuncture permet d&rsquo;apaiser les \u00e9motions , calmer toutes sortes de douleurs, se pr\u00e9parer \u00e0 un accouchement harmonieux mais \u00e9galement :<\/p>\n\n\n\n<ul><li>Pr\u00e9parer le col et le p\u00e9rin\u00e9e<\/li><li>Aider votre b\u00e9b\u00e9 \u00e0 tourner s\u2019il se pr\u00e9sente en si\u00e8ge<\/li><li>Aider \u00e0 la maturation du col si un d\u00e9clenchement est pr\u00e9vu ou si vous d\u00e9passez le terme<\/li><\/ul>\n\n\n\n<p><strong>Apr\u00e8s l\u2019accouchement :<\/strong> l&rsquo;acupuncture permet de mieux r\u00e9cup\u00e9rer et de pr\u00e9venir la d\u00e9prime du post partum.<\/p>\n\n\n\n<p>Je vous propose \u00e9galement des s\u00e9ances pour  :<\/p>\n\n\n\n<ul><li>Aider votre allaitement maternel (stimulation de la lactation, sevrage, crevasses\u2026)<\/li><li>Soulager les douleurs p\u00e9rin\u00e9ales, les douleurs de coccyx, les h\u00e9morro\u00efdes, les maux de dos<\/li><li>Lutter contre le baby-blues, la fatigue et reconstituer les r\u00e9serves d\u2019\u00e9nergie \u2026<\/li><\/ul>\n\n\n\n<p><strong>En Gyn\u00e9cologie<\/strong> : je peux vous recevoir pour :<\/p>\n\n\n\n<ul><li>Les troubles du cycle ou des menstruations<\/li><\/ul>\n\n\n\n<ul><li>La prise en charge d&rsquo;u syndrome de pr\u00e9 m\u00e9nopause (bouff\u00e9es de chaleur, irritabilit\u00e9, s\u00e9cheresse \u2026)<\/li><\/ul>\n\n\n\n<ul><li>L&rsquo; aide \u00e0 la PMA<\/li><\/ul>\n\n\n\n<ul><li>L&rsquo;aide \u00e0 la pose d&rsquo;un st\u00e9rilet (DIU) ou la d\u00e9pose ou pose d&rsquo;un implant contraceptif.<\/li><\/ul>\n\n\n\n<p><\/p>\n\n\n\n<p>L\u2019accompagnement par la m\u00e9decine chinoise ne se substitue pas \u00e0 la m\u00e9decine occidentale,&nbsp;mais la compl\u00e8te et l\u2019accompagne.<\/p>\n\n\n\n<p>L\u2019acupuncture a \u00e9t\u00e9 reconnue par l\u2019OMS (Organisation mondiale de la sant\u00e9),<br>et la Haute Autorit\u00e9 de Sant\u00e9 comme une m\u00e9decine dont l\u2019efficacit\u00e9 a pu \u00eatre prouv\u00e9e.<\/p>\n\n\n\n<div class=\"wp-block-columns\">\n<div class=\"wp-block-column\" style=\"flex-basis:100%\">\n<p class=\"has-black-color has-text-color\">Pour plus d&rsquo;information : <strong><a href=\"https:\/\/www.afsfa.fr\/page\/135606-l-acupuncture-en-gynecologie-obstetrique\" target=\"_blank\" rel=\"noreferrer noopener\">https:\/\/www.afsfa.fr\/page\/135606-l-acupuncture-en-gynecologie-obstetrique<\/a><\/strong> <\/p>\n<\/div>\n<\/div>\n","protected":false},"excerpt":{"rendered":"<p>Titulaire d\u2019un Dipl\u00f4me Universitaire d\u2019acupuncture, je peux vous recevoir en consultation pendant votre grossesse et tout le long de votre &hellip; <\/p>\n","protected":false},"author":1,"featured_media":0,"parent":0,"menu_order":0,"comment_status":"closed","ping_status":"closed","template":"","meta":[],"_links":{"self":[{"href":"https:\/\/www.nelly-weill-sage-femme.fr\/index.php\/wp-json\/wp\/v2\/pages\/77"}],"collection":[{"href":"https:\/\/www.nelly-weill-sage-femme.fr\/index.php\/wp-json\/wp\/v2\/pages"}],"about":[{"href":"https:\/\/www.nelly-weill-sage-femme.fr\/index.php\/wp-json\/wp\/v2\/types\/page"}],"author":[{"embeddable":true,"href":"https:\/\/www.nelly-weill-sage-femme.fr\/index.php\/wp-json\/wp\/v2\/users\/1"}],"replies":[{"embeddable":true,"href":"https:\/\/www.nelly-weill-sage-femme.fr\/index.php\/wp-json\/wp\/v2\/comments?post=77"}],"version-history":[{"count":13,"href":"https:\/\/www.nelly-weill-sage-femme.fr\/index.php\/wp-json\/wp\/v2\/pages\/77\/revisions"}],"predecessor-version":[{"id":356,"href":"https:\/\/www.nelly-weill-sage-femme.fr\/index.php\/wp-json\/wp\/v2\/pages\/77\/revisions\/356"}],"wp:attachment":[{"href":"https:\/\/www.nelly-weill-sage-femme.fr\/index.php\/wp-json\/wp\/v2\/media?parent=77"}],"curies":[{"name":"wp","href":"https:\/\/api.w.org\/{rel}","templated":true}]}}