{"id":70,"date":"2021-10-09T19:47:19","date_gmt":"2021-10-09T17:47:19","guid":{"rendered":"http:\/\/xkbjrvk.cluster029.hosting.ovh.net\/?page_id=70"},"modified":"2021-11-14T16:06:03","modified_gmt":"2021-11-14T15:06:03","slug":"suivi-de-grossesse","status":"publish","type":"page","link":"https:\/\/www.nelly-weill-sage-femme.fr\/index.php\/suivi-de-grossesse\/","title":{"rendered":"Suivi de grossesse"},"content":{"rendered":"\n<div class=\"wp-block-cover has-background-dim-30 has-background-dim\" style=\"min-height:322px\"><img loading=\"lazy\" width=\"1125\" height=\"2000\" class=\"wp-block-cover__image-background wp-image-189\" alt=\"\" src=\"https:\/\/www.nelly-weill-sage-femme.fr\/wp-content\/uploads\/2021\/11\/2021_Exam_2.jpg\" style=\"object-position:50% 42%\" data-object-fit=\"cover\" data-object-position=\"50% 42%\" srcset=\"https:\/\/www.nelly-weill-sage-femme.fr\/wp-content\/uploads\/2021\/11\/2021_Exam_2.jpg 1125w, https:\/\/www.nelly-weill-sage-femme.fr\/wp-content\/uploads\/2021\/11\/2021_Exam_2-169x300.jpg 169w, https:\/\/www.nelly-weill-sage-femme.fr\/wp-content\/uploads\/2021\/11\/2021_Exam_2-576x1024.jpg 576w, https:\/\/www.nelly-weill-sage-femme.fr\/wp-content\/uploads\/2021\/11\/2021_Exam_2-768x1365.jpg 768w, https:\/\/www.nelly-weill-sage-femme.fr\/wp-content\/uploads\/2021\/11\/2021_Exam_2-864x1536.jpg 864w\" sizes=\"(max-width: 1125px) 100vw, 1125px\" \/><div class=\"wp-block-cover__inner-container\">\n<p class=\"has-text-align-center has-large-font-size\">Suivi de grossesse<\/p>\n<\/div><\/div>\n\n\n\n<p><\/p>\n\n\n\n<p><strong>Je peux suivre votre grossesse dans sa globalit\u00e9<\/strong> : de la d\u00e9claration ( qui devra \u00eatre faite avant fin du 3<sup>\u00e8me<\/sup> mois) jusqu\u2019\u00e0 l\u2019accouchement. Une consultation d&rsquo;anesth\u00e9sie entre le 6\u00e8me et 8\u00e8me mois sera r\u00e9alis\u00e9e dans la structure o\u00f9 vous aurez d\u00e9cid\u00e9 d&rsquo;accoucher et permettra de vous inscrire \u00e0 la maternit\u00e9. Une consultation le dernier mois dans la maternit\u00e9 choisie sera propos\u00e9e pour ouvrir votre dossier informatique.<\/p>\n\n\n\n<p> Si votre grossesse se complique, vous serez adress\u00e9e \u00e0 un gyn\u00e9cologue hospitalier. <\/p>\n\n\n\n<p> En cas de pathologies pr\u00e9existantes \u00e0 votre grossesse, vous devrez \u00e9galement effectuer vos consultations pr\u00e9natales avec un m\u00e9decin mais l\u2019entretien pr\u00e9natal pr\u00e9coce et\/ ou la pr\u00e9paration \u00e0 la naissance pourront se faire au cabinet.<\/p>\n\n\n\n<p>Je vous propose un accompagnement personnalis\u00e9 et syst\u00e9matiquement&nbsp;:<\/p>\n\n\n\n<ul><li>7 <strong>consultations<\/strong> pr\u00e9natales (obligatoires)<br><\/li><li>La prescription des <strong>examens compl\u00e9mentaires <\/strong> et les examens\u00a0 biologiques de d\u00e9pistage<br><\/li><li>La prescription des 3 \u00e9chographies recommand\u00e9es. La r\u00e9alisation des <strong>\u00e9chographies<\/strong> peuvent se faire au cabinet avec <strong>R\u00e9mi Bouteille<\/strong>, sage-femme \u00e9chographiste<br><\/li><li>Un <strong>entretien pr\u00e9natal pr\u00e9coce<\/strong> (obligatoire), occasion de faire le point sur votre projet de naissance et les besoins sp\u00e9cifiques pendant la grossesse et apr\u00e8s l&rsquo;accouchement<br><\/li><li>Un <strong>bilan pr\u00e9natal<\/strong> de pr\u00e9vention\u00a0: informations\u00a0 vaccinales, alimentation, addictions, pr\u00e9paration \u00e0 la sortie de maternit\u00e9 (sortie pr\u00e9coce) et retour \u00e0 la maison<br><\/li><li>7 s\u00e9ances de <strong>pr\u00e9paration \u00e0 la naissance<\/strong><\/li><\/ul>\n","protected":false},"excerpt":{"rendered":"<p>Je peux suivre votre grossesse dans sa globalit\u00e9 : de la d\u00e9claration ( qui devra \u00eatre faite avant fin du &hellip; <\/p>\n","protected":false},"author":1,"featured_media":0,"parent":0,"menu_order":0,"comment_status":"closed","ping_status":"closed","template":"","meta":[],"_links":{"self":[{"href":"https:\/\/www.nelly-weill-sage-femme.fr\/index.php\/wp-json\/wp\/v2\/pages\/70"}],"collection":[{"href":"https:\/\/www.nelly-weill-sage-femme.fr\/index.php\/wp-json\/wp\/v2\/pages"}],"about":[{"href":"https:\/\/www.nelly-weill-sage-femme.fr\/index.php\/wp-json\/wp\/v2\/types\/page"}],"author":[{"embeddable":true,"href":"https:\/\/www.nelly-weill-sage-femme.fr\/index.php\/wp-json\/wp\/v2\/users\/1"}],"replies":[{"embeddable":true,"href":"https:\/\/www.nelly-weill-sage-femme.fr\/index.php\/wp-json\/wp\/v2\/comments?post=70"}],"version-history":[{"count":8,"href":"https:\/\/www.nelly-weill-sage-femme.fr\/index.php\/wp-json\/wp\/v2\/pages\/70\/revisions"}],"predecessor-version":[{"id":288,"href":"https:\/\/www.nelly-weill-sage-femme.fr\/index.php\/wp-json\/wp\/v2\/pages\/70\/revisions\/288"}],"wp:attachment":[{"href":"https:\/\/www.nelly-weill-sage-femme.fr\/index.php\/wp-json\/wp\/v2\/media?parent=70"}],"curies":[{"name":"wp","href":"https:\/\/api.w.org\/{rel}","templated":true}]}}

<div class="wp-block-cover has-background-dim-30 has-background-dim" style="min-height:322px"><img loading="lazy" width="1125" height="2000" class="wp-block-cover__image-background wp-image-189" alt="" src="https://www.nelly-weill-sage-femme.fr/wp-content/uploads/2021/11/2021_Exam_2.jpg" style="object-position:50% 42%" data-object-fit="cover" data-object-position="50% 42%" srcset="https://www.nelly-weill-sage-femme.fr/wp-content/uploads/2021/11/2021_Exam_2.jpg 1125w, https://www.nelly-weill-sage-femme.fr/wp-content/uploads/2021/11/2021_Exam_2-169x300.jpg 169w, https://www.nelly-weill-sage-femme.fr/wp-content/uploads/2021/11/2021_Exam_2-576x1024.jpg 576w, https://www.nelly-weill-sage-femme.fr/wp-content/uploads/2021/11/2021_Exam_2-768x1365.jpg 768w, https://www.nelly-weill-sage-femme.fr/wp-content/uploads/2021/11/2021_Exam_2-864x1536.jpg 864w" sizes="(max-width: 1125px) 100vw, 1125px" /><div class="wp-block-cover__inner-container">
<p class="has-text-align-center has-large-font-size">Suivi de grossesse</p>
</div></div>



<p></p>



<p><strong>Je peux suivre votre grossesse dans sa globalité</strong> : de la déclaration ( qui devra être faite avant fin du 3<sup>ème</sup> mois) jusqu’à l’accouchement. Une consultation d&rsquo;anesthésie entre le 6ème et 8ème mois sera réalisée dans la structure où vous aurez décidé d&rsquo;accoucher et permettra de vous inscrire à la maternité. Une consultation le dernier mois dans la maternité choisie sera proposée pour ouvrir votre dossier informatique.</p>



<p> Si votre grossesse se complique, vous serez adressée à un gynécologue hospitalier. </p>



<p> En cas de pathologies préexistantes à votre grossesse, vous devrez également effectuer vos consultations prénatales avec un médecin mais l’entretien prénatal précoce et/ ou la préparation à la naissance pourront se faire au cabinet.</p>



<p>Je vous propose un accompagnement personnalisé et systématiquement&nbsp;:</p>



<ul><li>7 <strong>consultations</strong> prénatales (obligatoires)<br></li><li>La prescription des <strong>examens complémentaires </strong> et les examens  biologiques de dépistage<br></li><li>La prescription des 3 échographies recommandées. La réalisation des <strong>échographies</strong> peuvent se faire au cabinet avec <strong>Rémi Bouteille</strong>, sage-femme échographiste<br></li><li>Un <strong>entretien prénatal précoce</strong> (obligatoire), occasion de faire le point sur votre projet de naissance et les besoins spécifiques pendant la grossesse et après l&rsquo;accouchement<br></li><li>Un <strong>bilan prénatal</strong> de prévention : informations  vaccinales, alimentation, addictions, préparation à la sortie de maternité (sortie précoce) et retour à la maison<br></li><li>7 séances de <strong>préparation à la naissance</strong></li></ul>

<p>Je peux suivre votre grossesse dans sa globalité : de la déclaration ( qui devra être faite avant fin du &hellip; </p>
