{"id":6,"date":"2021-10-03T18:53:24","date_gmt":"2021-10-03T16:53:24","guid":{"rendered":"http:\/\/xkbjrvk.cluster029.hosting.ovh.net\/?page_id=6"},"modified":"2021-11-28T09:57:54","modified_gmt":"2021-11-28T08:57:54","slug":"a-propos-de","status":"publish","type":"page","link":"https:\/\/www.nelly-weill-sage-femme.fr\/","title":{"rendered":"Bienvenue"},"content":{"rendered":"\n<p><strong>Nelly Weill sage-femme Dipl\u00f4m\u00e9e d&rsquo;Etat, Conventionn\u00e9e<\/strong><\/p>\n\n\n\n<figure class=\"wp-block-gallery columns-3 is-cropped\"><ul class=\"blocks-gallery-grid\"><li class=\"blocks-gallery-item\"><figure><img loading=\"lazy\" width=\"1024\" height=\"502\" src=\"https:\/\/www.nelly-weill-sage-femme.fr\/wp-content\/uploads\/2021\/11\/20211115_122812-2-1-1024x502.jpg\" alt=\"\" data-id=\"417\" data-link=\"https:\/\/www.nelly-weill-sage-femme.fr\/index.php\/a-propos-de\/20211115_122812-2-2\/\" class=\"wp-image-417\" srcset=\"https:\/\/www.nelly-weill-sage-femme.fr\/wp-content\/uploads\/2021\/11\/20211115_122812-2-1-1024x502.jpg 1024w, https:\/\/www.nelly-weill-sage-femme.fr\/wp-content\/uploads\/2021\/11\/20211115_122812-2-1-300x147.jpg 300w, https:\/\/www.nelly-weill-sage-femme.fr\/wp-content\/uploads\/2021\/11\/20211115_122812-2-1-768x376.jpg 768w, https:\/\/www.nelly-weill-sage-femme.fr\/wp-content\/uploads\/2021\/11\/20211115_122812-2-1-1536x752.jpg 1536w, https:\/\/www.nelly-weill-sage-femme.fr\/wp-content\/uploads\/2021\/11\/20211115_122812-2-1-2048x1003.jpg 2048w\" sizes=\"(max-width: 1024px) 100vw, 1024px\" \/><\/figure><\/li><li class=\"blocks-gallery-item\"><figure><img loading=\"lazy\" width=\"1024\" height=\"768\" src=\"https:\/\/www.nelly-weill-sage-femme.fr\/wp-content\/uploads\/2021\/11\/IMG_2017_resized-1024x768.jpg\" alt=\"\" data-id=\"424\" data-full-url=\"https:\/\/www.nelly-weill-sage-femme.fr\/wp-content\/uploads\/2021\/11\/IMG_2017_resized-scaled.jpg\" data-link=\"https:\/\/www.nelly-weill-sage-femme.fr\/index.php\/a-propos-de\/img_2017_resized\/\" class=\"wp-image-424\" srcset=\"https:\/\/www.nelly-weill-sage-femme.fr\/wp-content\/uploads\/2021\/11\/IMG_2017_resized-1024x768.jpg 1024w, https:\/\/www.nelly-weill-sage-femme.fr\/wp-content\/uploads\/2021\/11\/IMG_2017_resized-300x225.jpg 300w, https:\/\/www.nelly-weill-sage-femme.fr\/wp-content\/uploads\/2021\/11\/IMG_2017_resized-768x576.jpg 768w, https:\/\/www.nelly-weill-sage-femme.fr\/wp-content\/uploads\/2021\/11\/IMG_2017_resized-1536x1152.jpg 1536w, https:\/\/www.nelly-weill-sage-femme.fr\/wp-content\/uploads\/2021\/11\/IMG_2017_resized-2048x1536.jpg 2048w\" sizes=\"(max-width: 1024px) 100vw, 1024px\" \/><\/figure><\/li><li class=\"blocks-gallery-item\"><figure><img loading=\"lazy\" width=\"1024\" height=\"576\" src=\"https:\/\/www.nelly-weill-sage-femme.fr\/wp-content\/uploads\/2021\/11\/2021_Salle_attente_1-1024x576.jpg\" alt=\"\" data-id=\"192\" data-link=\"https:\/\/www.nelly-weill-sage-femme.fr\/index.php\/a-propos-de\/2021_salle_attente_1\/\" class=\"wp-image-192\" srcset=\"https:\/\/www.nelly-weill-sage-femme.fr\/wp-content\/uploads\/2021\/11\/2021_Salle_attente_1-1024x576.jpg 1024w, https:\/\/www.nelly-weill-sage-femme.fr\/wp-content\/uploads\/2021\/11\/2021_Salle_attente_1-300x169.jpg 300w, https:\/\/www.nelly-weill-sage-femme.fr\/wp-content\/uploads\/2021\/11\/2021_Salle_attente_1-768x432.jpg 768w, https:\/\/www.nelly-weill-sage-femme.fr\/wp-content\/uploads\/2021\/11\/2021_Salle_attente_1-1536x864.jpg 1536w, https:\/\/www.nelly-weill-sage-femme.fr\/wp-content\/uploads\/2021\/11\/2021_Salle_attente_1.jpg 2000w\" sizes=\"(max-width: 1024px) 100vw, 1024px\" \/><\/figure><\/li><\/ul><\/figure>\n\n\n\n<p class=\"has-text-align-left\">Apr\u00e8s plusieurs ann\u00e9es de pratique en centre hospitalier, je suis install\u00e9e en lib\u00e9ral depuis 2008 \u00e0 St Didier en Velay et en collaboration avec R\u00e9mi Bouteille sage-femme \u00e9chographiste.<\/p>\n\n\n\n<p class=\"has-text-align-left\">Je suis \u00e9galement titulaire <\/p>\n\n\n\n<p class=\"has-text-align-left\">&#8211; d&rsquo;une Attestation d&rsquo;Etude Universitaire en Sophrologie<\/p>\n\n\n\n<p class=\"has-text-align-left\">&#8211; d&rsquo;un Dipl\u00f4me Universitaire de Gyn\u00e9cologie M\u00e9dicale<\/p>\n\n\n\n<p class=\"has-text-align-left\">&#8211; d&rsquo;un Dipl\u00f4me Inter-Universitaire d&rsquo;Acupuncture<\/p>\n\n\n\n<p><\/p>\n\n\n\n<p class=\"has-text-align-left\">Vous pouvez consulter  sans&nbsp; passer par votre m\u00e9decin r\u00e9f\u00e9rent sauf dans le cadre d\u2019une r\u00e9\u00e9ducation p\u00e9rin\u00e9ale ne faisant pas suite \u00e0 un accouchement.<\/p>\n\n\n\n<p class=\"has-text-align-left\">Les principales activit\u00e9s du cabinet sont les suivantes :<\/p>\n\n\n\n<p class=\"has-text-align-left has-black-color has-text-color\">&#8211; <a href=\"https:\/\/www.nelly-weill-sage-femme.fr\/index.php\/suivi-de-grossesse\/\"><strong>suivi de grossesse<\/strong><\/a><\/p>\n\n\n\n<p class=\"has-text-align-left has-black-color has-text-color\">&#8211; <a href=\"https:\/\/www.nelly-weill-sage-femme.fr\/index.php\/preparation-a-la-naissance\/\"><strong>pr\u00e9paration \u00e0 la naissance<\/strong><\/a><\/p>\n\n\n\n<p class=\"has-text-align-left has-black-color has-text-color\">&#8211; <a href=\"https:\/\/www.nelly-weill-sage-femme.fr\/index.php\/reeudcation-du-perinee\/\"><strong>r\u00e9\u00e9ducation p\u00e9rin\u00e9ale<\/strong><\/a><\/p>\n\n\n\n<p class=\"has-text-align-left has-black-color has-text-color\">&#8211; <a href=\"https:\/\/www.nelly-weill-sage-femme.fr\/index.php\/suivi-gynecologique\/\"><strong>suivi gyn\u00e9cologique<\/strong><\/a><\/p>\n\n\n\n<p class=\"has-text-align-left has-black-color has-text-color\">&#8211; <a href=\"https:\/\/www.nelly-weill-sage-femme.fr\/index.php\/acupuncture\/\"><strong>s\u00e9ance d\u2019acupuncture<\/strong><\/a><\/p>\n\n\n\n<p class=\"has-text-align-left has-black-color has-text-color\">&#8211; <a href=\"https:\/\/www.nelly-weill-sage-femme.fr\/index.php\/surveillance-de-grossesse-pathologique-a-domicile-ou-au-cabinet\/\"><strong>surveillance de grossesse pathologique&nbsp; \u00e0 domicile avec monitorage f\u0153tal<\/strong><\/a><\/p>\n\n\n\n<p class=\"has-text-align-left has-black-color has-text-color\">&#8211; <a href=\"https:\/\/www.nelly-weill-sage-femme.fr\/index.php\/visites-a-domicile-apres-accouchement\/\" data-type=\"page\" data-id=\"302\"><strong>visites\u00a0 \u00e0 domicile apr\u00e8s accouchement<\/strong><\/a> (y compris sorties pr\u00e9coces)<\/p>\n\n\n\n<p class=\"has-text-align-left has-black-color has-text-color\">&#8211; <a href=\"https:\/\/www.nelly-weill-sage-femme.fr\/index.php\/ateliers-en-sante-environnementale\/\"><strong>ateliers en sant\u00e9 environnementale<\/strong><\/a><\/p>\n\n\n\n<p class=\"has-text-align-left has-black-color has-text-color\">&#8211; <strong><a href=\"https:\/\/www.nelly-weill-sage-femme.fr\/index.php\/echographies\/\">\u00e9chographies<\/a><\/strong> (pratiqu\u00e9es par R\u00e9mi Bouteille, collaborateur)<\/p>\n\n\n\n<div class=\"wp-block-image\"><figure class=\"aligncenter size-medium\"><img loading=\"lazy\" width=\"300\" height=\"225\" src=\"https:\/\/www.nelly-weill-sage-femme.fr\/wp-content\/uploads\/2021\/11\/Remy_Nelly-edited-300x225.jpg\" alt=\"\" class=\"wp-image-434\" title=\"R\u00e9mi Bouteille, sage-femme \u00e9chographiste\" srcset=\"https:\/\/www.nelly-weill-sage-femme.fr\/wp-content\/uploads\/2021\/11\/Remy_Nelly-edited-300x225.jpg 300w, https:\/\/www.nelly-weill-sage-femme.fr\/wp-content\/uploads\/2021\/11\/Remy_Nelly-edited-1024x767.jpg 1024w, https:\/\/www.nelly-weill-sage-femme.fr\/wp-content\/uploads\/2021\/11\/Remy_Nelly-edited-768x575.jpg 768w, https:\/\/www.nelly-weill-sage-femme.fr\/wp-content\/uploads\/2021\/11\/Remy_Nelly-edited.jpg 1500w\" sizes=\"(max-width: 300px) 100vw, 300px\" \/><\/figure><\/div>\n\n\n\n<p class=\"has-text-align-left\">CONTACT&nbsp;: le cabinet est situ\u00e9 \u00e0 la maison m\u00e9dicale \u00e0 St Didier en Velay<\/p>\n\n\n\n<p class=\"has-text-align-left\">L\u2019accueil se fait au RDC sans passer par le secr\u00e9tariat.<\/p>\n\n\n\n<p class=\"has-text-align-left has-black-color has-text-color\"><a href=\"https:\/\/www.nelly-weill-sage-femme.fr\/index.php\/contact\/\"><strong>PRENDRE CONTACT<\/strong><\/a><br>Maison m\u00e9dicale<br>Impasse du clos 43140 SAINT-DIDIER-EN-VELAY<br>Secr\u00e9tariat ouvert du Lundi au Vendredi&nbsp;: 8h &#8211; 19h et Samedi 8h-12h<br><br><a href=\"tel:0471610270\">04 71 61 02 70<\/a><\/p>\n\n\n\n<p class=\"has-text-align-left\">D\u00e9placements \u00e0 domicile&nbsp;: sur les secteurs de St. Didier en Velay ,La S\u00e9auve-sur-Sem\u00e8ne, St. Victor Malescours, Pont-Salomon, St. Ferr\u00e9ol d&rsquo;Auroure, St. Just-Malmont, Jonzieux, St. Pal de Mons, Duni\u00e8res, Montfaucon, St.Romain Lachalm.<\/p>\n","protected":false},"excerpt":{"rendered":"<p>Nelly Weill sage-femme Dipl\u00f4m\u00e9e d&rsquo;Etat, Conventionn\u00e9e Apr\u00e8s plusieurs ann\u00e9es de pratique en centre hospitalier, je suis install\u00e9e en lib\u00e9ral depuis &hellip; <\/p>\n","protected":false},"author":1,"featured_media":0,"parent":0,"menu_order":0,"comment_status":"closed","ping_status":"closed","template":"","meta":[],"_links":{"self":[{"href":"https:\/\/www.nelly-weill-sage-femme.fr\/index.php\/wp-json\/wp\/v2\/pages\/6"}],"collection":[{"href":"https:\/\/www.nelly-weill-sage-femme.fr\/index.php\/wp-json\/wp\/v2\/pages"}],"about":[{"href":"https:\/\/www.nelly-weill-sage-femme.fr\/index.php\/wp-json\/wp\/v2\/types\/page"}],"author":[{"embeddable":true,"href":"https:\/\/www.nelly-weill-sage-femme.fr\/index.php\/wp-json\/wp\/v2\/users\/1"}],"replies":[{"embeddable":true,"href":"https:\/\/www.nelly-weill-sage-femme.fr\/index.php\/wp-json\/wp\/v2\/comments?post=6"}],"version-history":[{"count":43,"href":"https:\/\/www.nelly-weill-sage-femme.fr\/index.php\/wp-json\/wp\/v2\/pages\/6\/revisions"}],"predecessor-version":[{"id":444,"href":"https:\/\/www.nelly-weill-sage-femme.fr\/index.php\/wp-json\/wp\/v2\/pages\/6\/revisions\/444"}],"wp:attachment":[{"href":"https:\/\/www.nelly-weill-sage-femme.fr\/index.php\/wp-json\/wp\/v2\/media?parent=6"}],"curies":[{"name":"wp","href":"https:\/\/api.w.org\/{rel}","templated":true}]}}