{"id":37,"date":"2021-10-03T19:17:31","date_gmt":"2021-10-03T17:17:31","guid":{"rendered":"http:\/\/xkbjrvk.cluster029.hosting.ovh.net\/?page_id=37"},"modified":"2021-11-14T18:15:40","modified_gmt":"2021-11-14T17:15:40","slug":"reeudcation-du-perinee","status":"publish","type":"page","link":"https:\/\/www.nelly-weill-sage-femme.fr\/index.php\/reeudcation-du-perinee\/","title":{"rendered":"R\u00e9\u00e9ducation p\u00e9rin\u00e9ale"},"content":{"rendered":"\n<p><u><span style=\"text-decoration: underline;\"><\/span><\/u>La r\u00e9\u00e9ducation p\u00e9rin\u00e9ale se pratique apr\u00e8s l\u2019accouchement ( \u00e0 partir de 6 \u00e0 8 semaines apr\u00e8s un accouchement) ou \u00e0 distance de celui-ci si besoin. Vous ne pouvez faire de la r\u00e9\u00e9ducation p\u00e9rin\u00e9ale chez une sage-femme uniquement si vous avez d\u00e9j\u00e0 accouch\u00e9 au moins une fois.<\/p>\n\n\n\n<p>Elle permet de re tonifier le plancher pelvien et de traiter mais surtout pr\u00e9venir certains sympt\u00f4mes comme les incontinences urinaires ou les prolapsus&nbsp;g\u00e9nitaux.<\/p>\n\n\n\n<p>C\u2019est l\u2019occasion de vous informer sur le r\u00f4le physiologique du p\u00e9rin\u00e9e et son fonctionnement quotidien, et de favoriser son int\u00e9gration dans le sch\u00e9ma corporel.<\/p>\n\n\n\n<p>Apr\u00e8s une premi\u00e8re s\u00e9ance o\u00f9 nous \u00e9valuerons vos besoins , je vous proposerai soit :<\/p>\n\n\n\n<ul><li>une <strong>approche psychocorporelle du p\u00e9rin\u00e9e avec des exercices d&rsquo;eutonie<\/strong>.&nbsp;Le p\u00e9rin\u00e9e se r\u00e9\u00e9duque de fa\u00e7on globale, par l&rsquo;\u00e9coute et le ressenti corporel. Avec l&rsquo;aide de petit mat\u00e9riel : balle, ballon, b\u00fbches d&rsquo;eutonie, on recherche l&rsquo;exploration des diff\u00e9rentes parties de son corps pour prendre conscience de son enveloppe corporelle mais aussi de son espace int\u00e9rieur. Il s&rsquo;agit d&rsquo;une <strong>prise de conscience du\u00a0\u00bb juste tonus\u00a0\u00bb n\u00e9cessaire \u00e0 chacune des activit\u00e9s de sa vie quotidienne<\/strong> avec une recherche d&rsquo;une tonicit\u00e9 harmonieuse et \u00e9quilibr\u00e9e.<\/li><\/ul>\n\n\n\n<p>Par cette prise de conscience du corps et de ses tensions, par une recherche personnelle d&rsquo;\u00e9limination des crispations inutiles, l&rsquo;eutonie permet d&rsquo;am\u00e9liorer l&rsquo;\u00e9laboration de ses mouvements et en r\u00e9\u00e9ducation p\u00e9rin\u00e9ale, de prot\u00e9ger ainsi son p\u00e9rin\u00e9e tout long se sa vie.<\/p>\n\n\n\n<p>Tenue confortable recommand\u00e9e. <\/p>\n\n\n\n<div class=\"wp-block-image\"><figure class=\"aligncenter size-full\"><img loading=\"lazy\" width=\"275\" height=\"183\" src=\"https:\/\/www.nelly-weill-sage-femme.fr\/wp-content\/uploads\/2021\/11\/image-eutonie.jpg\" alt=\"\" class=\"wp-image-363\"\/><\/figure><\/div>\n\n\n\n<p><\/p>\n\n\n\n<ul><li>des exercices<strong> en  biofeedback<\/strong> (travail \u00e0 la <strong>sonde<\/strong>) ou <strong>travail manuel<\/strong> \u00e0 l\u2019aide de visualisations.<\/li><\/ul>\n\n\n\n<p>Les s\u00e9ances sont individuelles et durent environ \u00bd heure.<\/p>\n\n\n\n<p>Ces s\u00e9ances sont prises en charges par la s\u00e9curit\u00e9 sociale.<\/p>\n","protected":false},"excerpt":{"rendered":"<p>La r\u00e9\u00e9ducation p\u00e9rin\u00e9ale se pratique apr\u00e8s l\u2019accouchement ( \u00e0 partir de 6 \u00e0 8 semaines apr\u00e8s un accouchement) ou \u00e0 &hellip; <\/p>\n","protected":false},"author":1,"featured_media":0,"parent":0,"menu_order":0,"comment_status":"closed","ping_status":"closed","template":"","meta":[],"_links":{"self":[{"href":"https:\/\/www.nelly-weill-sage-femme.fr\/index.php\/wp-json\/wp\/v2\/pages\/37"}],"collection":[{"href":"https:\/\/www.nelly-weill-sage-femme.fr\/index.php\/wp-json\/wp\/v2\/pages"}],"about":[{"href":"https:\/\/www.nelly-weill-sage-femme.fr\/index.php\/wp-json\/wp\/v2\/types\/page"}],"author":[{"embeddable":true,"href":"https:\/\/www.nelly-weill-sage-femme.fr\/index.php\/wp-json\/wp\/v2\/users\/1"}],"replies":[{"embeddable":true,"href":"https:\/\/www.nelly-weill-sage-femme.fr\/index.php\/wp-json\/wp\/v2\/comments?post=37"}],"version-history":[{"count":9,"href":"https:\/\/www.nelly-weill-sage-femme.fr\/index.php\/wp-json\/wp\/v2\/pages\/37\/revisions"}],"predecessor-version":[{"id":364,"href":"https:\/\/www.nelly-weill-sage-femme.fr\/index.php\/wp-json\/wp\/v2\/pages\/37\/revisions\/364"}],"wp:attachment":[{"href":"https:\/\/www.nelly-weill-sage-femme.fr\/index.php\/wp-json\/wp\/v2\/media?parent=37"}],"curies":[{"name":"wp","href":"https:\/\/api.w.org\/{rel}","templated":true}]}}