{"id":302,"date":"2021-11-14T16:21:04","date_gmt":"2021-11-14T15:21:04","guid":{"rendered":"https:\/\/www.nelly-weill-sage-femme.fr\/?page_id=302"},"modified":"2021-11-14T20:20:51","modified_gmt":"2021-11-14T19:20:51","slug":"visites-a-domicile-apres-accouchement","status":"publish","type":"page","link":"https:\/\/www.nelly-weill-sage-femme.fr\/index.php\/visites-a-domicile-apres-accouchement\/","title":{"rendered":"Visites \u00e0 domicile apr\u00e8s accouchement"},"content":{"rendered":"\n<div class=\"wp-block-image\"><figure class=\"aligncenter size-medium\"><img loading=\"lazy\" width=\"300\" height=\"225\" src=\"https:\/\/www.nelly-weill-sage-femme.fr\/wp-content\/uploads\/2021\/11\/IMG_20150212_093149-edited-300x225.jpg\" alt=\"\" class=\"wp-image-358\" srcset=\"https:\/\/www.nelly-weill-sage-femme.fr\/wp-content\/uploads\/2021\/11\/IMG_20150212_093149-edited-300x225.jpg 300w, https:\/\/www.nelly-weill-sage-femme.fr\/wp-content\/uploads\/2021\/11\/IMG_20150212_093149-edited-1024x767.jpg 1024w, https:\/\/www.nelly-weill-sage-femme.fr\/wp-content\/uploads\/2021\/11\/IMG_20150212_093149-edited-768x575.jpg 768w, https:\/\/www.nelly-weill-sage-femme.fr\/wp-content\/uploads\/2021\/11\/IMG_20150212_093149-edited-1536x1150.jpg 1536w, https:\/\/www.nelly-weill-sage-femme.fr\/wp-content\/uploads\/2021\/11\/IMG_20150212_093149-edited.jpg 1920w\" sizes=\"(max-width: 300px) 100vw, 300px\" \/><\/figure><\/div>\n\n\n\n<p>Pour faciliter votre retour \u00e0 la maison, vous pouvez b\u00e9n\u00e9ficier <strong>\u00e0 votre domicile<\/strong>&nbsp;d&rsquo;un suivi pour vous et votre enfant.<\/p>\n\n\n\n<p>Cette visite \u00e0 domicile est possible dans les 12 jours qui suivent la naissance.<\/p>\n\n\n\n<p>Le nombre de visites sera \u00e9valu\u00e9 lors du 1er passage.<\/p>\n\n\n\n<p>Alors que les s\u00e9jours \u00e0 la maternit\u00e9 se raccourcissent, ces visites permettent de poursuivre votre surveillance et celle de votre b\u00e9b\u00e9.<\/p>\n\n\n\n<p>C\u2019est l\u2019occasion, en plus d\u2019un examen complet, de r\u00e9pondre \u00e0 vos questions ( l\u2019alimentation du b\u00e9b\u00e9, la mise en route de l\u2019allaitement, les rythmes du nouveau-n\u00e9, le baby blues, etc..)<\/p>\n\n\n\n<p><strong>Il est conseill\u00e9 et pr\u00e9f\u00e9rable\u00a0de prendre contact  pendant votre grossesse <\/strong>(\u00e0 l&rsquo;occasion de l&rsquo;entretien pr\u00e9natal pr\u00e9coce ou du bilan pr\u00e9natal ) afin d&rsquo;organiser cette visite, <strong>ou \u00e0 d\u00e9faut avant m\u00eame d&rsquo;avoir quitt\u00e9 la maternit\u00e9.<\/strong><\/p>\n\n\n\n<p>La HAS d\u00e9finit la sortie pr\u00e9coce comme \u00ab toute sortie de maternit\u00e9 &#8211; au cours des 72 premi\u00e8res heures apr\u00e8s un accouchement par voie basse ; &#8211; au cours des 96 premi\u00e8res heures apr\u00e8s un accouchement par c\u00e9sarienne \u00bb<\/p>\n\n\n\n<p>Cette sortie <strong>pr\u00e9coce<\/strong> n\u00e9cessite une visite \u00e0 votre domicile le <strong>lendemain de votre sortie<\/strong> de la maternit\u00e9.<\/p>\n\n\n\n<p>Dans les autres cas, je viendrai \u00e0 votre domicile dans les 2,3 jours qui suivent votre sortie de la maternit\u00e9. <\/p>\n\n\n\n<p>Cette surveillance est prise en charge \u00e0 100 % par l&rsquo;Assurance Maladie, jusqu&rsquo;au 12<sup>\u00e8me<\/sup> jour apr\u00e8s la naissance de votre b\u00e9b\u00e9.<\/p>\n\n\n\n<p class=\"has-black-color has-text-color\">Pour plus d&rsquo;information : voir <a rel=\"noreferrer noopener\" href=\"https:\/\/www.has-sante.fr\/jcms\/c_1290110\/fr\/sortie-de-maternite-apres-accouchement-conditions-et-organisation-du-retour-a-domicile-des-meres-et-de-leurs-nouveau-nes\" data-type=\"URL\" data-id=\"https:\/\/www.has-sante.fr\/jcms\/c_1290110\/fr\/sortie-de-maternite-apres-accouchement-conditions-et-organisation-du-retour-a-domicile-des-meres-et-de-leurs-nouveau-nes\" target=\"_blank\"><strong>site de l&rsquo;<\/strong><\/a><a rel=\"noreferrer noopener\" href=\"https:\/\/www.has-sante.fr\/jcms\/c_1290110\/fr\/sortie-de-maternite-apres-accouchement-conditions-et-organisation-du-retour-a-domicile-des-meres-et-de-leurs-nouveau-nes\" data-type=\"URL\" data-id=\"https:\/\/www.has-sante.fr\/jcms\/c_1290110\/fr\/sortie-de-maternite-apres-accouchement-conditions-et-organisation-du-retour-a-domicile-des-meres-et-de-leurs-nouveau-nes\" target=\"_blank\"><strong>H<\/strong><\/a><a rel=\"noreferrer noopener\" href=\"https:\/\/www.has-sante.fr\/jcms\/c_1290110\/fr\/sortie-de-maternite-apres-accouchement-conditions-et-organisation-du-retour-a-domicile-des-meres-et-de-leurs-nouveau-nes\" data-type=\"URL\" data-id=\"https:\/\/www.has-sante.fr\/jcms\/c_1290110\/fr\/sortie-de-maternite-apres-accouchement-conditions-et-organisation-du-retour-a-domicile-des-meres-et-de-leurs-nouveau-nes\" target=\"_blank\"><strong>A<\/strong><\/a><a href=\"https:\/\/www.has-sante.fr\/jcms\/c_1290110\/fr\/sortie-de-maternite-apres-accouchement-conditions-et-organisation-du-retour-a-domicile-des-meres-et-de-leurs-nouveau-nes\" data-type=\"URL\" data-id=\"https:\/\/www.has-sante.fr\/jcms\/c_1290110\/fr\/sortie-de-maternite-apres-accouchement-conditions-et-organisation-du-retour-a-domicile-des-meres-et-de-leurs-nouveau-nes\" target=\"_blank\" rel=\"noreferrer noopener\"><strong>S<\/strong><\/a><\/p>\n\n\n\n<p class=\"has-black-color has-text-color\"><\/p>\n","protected":false},"excerpt":{"rendered":"<p>Pour faciliter votre retour \u00e0 la maison, vous pouvez b\u00e9n\u00e9ficier \u00e0 votre domicile&nbsp;d&rsquo;un suivi pour vous et votre enfant. Cette &hellip; <\/p>\n","protected":false},"author":1,"featured_media":0,"parent":0,"menu_order":0,"comment_status":"closed","ping_status":"closed","template":"","meta":[],"_links":{"self":[{"href":"https:\/\/www.nelly-weill-sage-femme.fr\/index.php\/wp-json\/wp\/v2\/pages\/302"}],"collection":[{"href":"https:\/\/www.nelly-weill-sage-femme.fr\/index.php\/wp-json\/wp\/v2\/pages"}],"about":[{"href":"https:\/\/www.nelly-weill-sage-femme.fr\/index.php\/wp-json\/wp\/v2\/types\/page"}],"author":[{"embeddable":true,"href":"https:\/\/www.nelly-weill-sage-femme.fr\/index.php\/wp-json\/wp\/v2\/users\/1"}],"replies":[{"embeddable":true,"href":"https:\/\/www.nelly-weill-sage-femme.fr\/index.php\/wp-json\/wp\/v2\/comments?post=302"}],"version-history":[{"count":8,"href":"https:\/\/www.nelly-weill-sage-femme.fr\/index.php\/wp-json\/wp\/v2\/pages\/302\/revisions"}],"predecessor-version":[{"id":401,"href":"https:\/\/www.nelly-weill-sage-femme.fr\/index.php\/wp-json\/wp\/v2\/pages\/302\/revisions\/401"}],"wp:attachment":[{"href":"https:\/\/www.nelly-weill-sage-femme.fr\/index.php\/wp-json\/wp\/v2\/media?parent=302"}],"curies":[{"name":"wp","href":"https:\/\/api.w.org\/{rel}","templated":true}]}}