{"id":106,"date":"2021-10-10T09:54:50","date_gmt":"2021-10-10T07:54:50","guid":{"rendered":"http:\/\/xkbjrvk.cluster029.hosting.ovh.net\/?page_id=106"},"modified":"2021-11-28T09:39:34","modified_gmt":"2021-11-28T08:39:34","slug":"acces","status":"publish","type":"page","link":"https:\/\/www.nelly-weill-sage-femme.fr\/index.php\/acces\/","title":{"rendered":"Acc\u00e8s"},"content":{"rendered":"\n<p>Le cabinet est situ\u00e9 au rez-de-chauss\u00e9e de la Maison M\u00e9dicale de Saint-Didier-en-Velay.<\/p>\n\n\n\n<p><\/p>\n\n\n\n<iframe src=\"https:\/\/www.google.com\/maps\/embed?pb=!1m14!1m8!1m3!1d11224.9091977564!2d4.2752389!3d45.3038339!3m2!1i1024!2i768!4f13.1!3m3!1m2!1s0x0%3A0x57eda134edc3fecf!2sNelly%20WEILL%2C%20sage-femme!5e0!3m2!1sfr!2sfr!4v1638088748864!5m2!1sfr!2sfr\" width=\"600\" height=\"450\" style=\"border:0;\" allowfullscreen=\"\" loading=\"lazy\"><\/iframe>\n\n\n\n<p><\/p>\n","protected":false},"excerpt":{"rendered":"<p>Le cabinet est situ\u00e9 au rez-de-chauss\u00e9e de la Maison M\u00e9dicale de Saint-Didier-en-Velay.<\/p>\n","protected":false},"author":1,"featured_media":0,"parent":0,"menu_order":0,"comment_status":"closed","ping_status":"closed","template":"","meta":[],"_links":{"self":[{"href":"https:\/\/www.nelly-weill-sage-femme.fr\/index.php\/wp-json\/wp\/v2\/pages\/106"}],"collection":[{"href":"https:\/\/www.nelly-weill-sage-femme.fr\/index.php\/wp-json\/wp\/v2\/pages"}],"about":[{"href":"https:\/\/www.nelly-weill-sage-femme.fr\/index.php\/wp-json\/wp\/v2\/types\/page"}],"author":[{"embeddable":true,"href":"https:\/\/www.nelly-weill-sage-femme.fr\/index.php\/wp-json\/wp\/v2\/users\/1"}],"replies":[{"embeddable":true,"href":"https:\/\/www.nelly-weill-sage-femme.fr\/index.php\/wp-json\/wp\/v2\/comments?post=106"}],"version-history":[{"count":8,"href":"https:\/\/www.nelly-weill-sage-femme.fr\/index.php\/wp-json\/wp\/v2\/pages\/106\/revisions"}],"predecessor-version":[{"id":441,"href":"https:\/\/www.nelly-weill-sage-femme.fr\/index.php\/wp-json\/wp\/v2\/pages\/106\/revisions\/441"}],"wp:attachment":[{"href":"https:\/\/www.nelly-weill-sage-femme.fr\/index.php\/wp-json\/wp\/v2\/media?parent=106"}],"curies":[{"name":"wp","href":"https:\/\/api.w.org\/{rel}","templated":true}]}}